{"id":131,"date":"2024-10-22T10:46:05","date_gmt":"2024-10-22T08:46:05","guid":{"rendered":"https:\/\/preprod.hiolle-bedrock.weareled.fr\/graff\/?page_id=131"},"modified":"2025-03-11T03:27:19","modified_gmt":"2025-03-11T02:27:19","slug":"securisation","status":"publish","type":"page","link":"https:\/\/preprod.hiolle-bedrock.weareled.fr\/graff\/solutions-realisations\/securisation\/","title":{"rendered":"S\u00e9curisation"},"content":{"rendered":"    <style>\n        #block_b8166a43d0e379746aba92e4e79fdb52 {\n            margin-top: 0px;\n        }\n\n        @media screen and (min-width: 768px) {\n            #block_b8166a43d0e379746aba92e4e79fdb52 {\n                margin-top: 0px;\n            }\n        }\n\n        #block_b8166a43d0e379746aba92e4e79fdb52 {\n            margin-bottom: 56px;\n        }\n\n        @media screen and (min-width: 768px) {\n            #block_b8166a43d0e379746aba92e4e79fdb52 {\n                margin-bottom: 96px;\n            }\n        }\n\n            <\/style>\n<section class=\"hero hero--secondary\" id=\"block_b8166a43d0e379746aba92e4e79fdb52\">\n    <div class=\"hero--container\">\n                    <div class=\"hero--img\">\n                <img decoding=\"async\" src=\"https:\/\/preprod.hiolle-bedrock.weareled.fr\/app\/uploads\/sites\/6\/2025\/01\/ligne-de-vie-support-bac-acier-sec-fmi-pro-e1735896430342.jpg\" alt=\"\">\n            <\/div>\n                <div class=\"hero--container-content\">\n                                                    <div class=\"hero--content\">\n                    <p class=\"uptitle\">Solutions &amp; r\u00e9alisations<\/p>\n<h1><strong>Pose <\/strong><strong>de lignes de vie\u00a0<\/strong><\/h1>\n<p><span style=\"font-weight: 400\">S\u00e9curisation d&rsquo;acc\u00e8s difficiles, de chantiers et lignes de production en accord avec la Norme EN795C<\/span><\/p>\n                <\/div>\n                                <\/div>\n    <\/div>\n<\/section>\n\n    <style>\n        #block_f5f18f1e9573f186c1c508873f1a5c5e {\n            margin-top: 8px;\n        }\n\n        @media screen and (min-width: 768px) {\n            #block_f5f18f1e9573f186c1c508873f1a5c5e {\n                margin-top: 24px;\n            }\n        }\n\n        #block_f5f18f1e9573f186c1c508873f1a5c5e {\n            margin-bottom: 56px;\n        }\n\n        @media screen and (min-width: 768px) {\n            #block_f5f18f1e9573f186c1c508873f1a5c5e {\n                margin-bottom: 80px;\n            }\n        }\n\n            <\/style>\n<section class=\"simplified-nav\" id=\"block_f5f18f1e9573f186c1c508873f1a5c5e\">\n    <div class=\"simplified-nav--container container--large\">\n                    <div class=\"simplified-nav--label\">\n                <p>Nos solutions<\/p>\n            <\/div>\n                \n                    <div class=\"simplified-nav--select is-custom-select\">\n                                                    <select onchange=\"window.location=this.value\">\n                                                                                                                                                                                                        <\/select>\n                            <\/div>\n            <\/div>\n<\/section>\n\n    <style>\n        #block_3494a9a2440f67eca41814d06afd3f9d {\n            margin-top: 56px;\n        }\n\n        @media screen and (min-width: 768px) {\n            #block_3494a9a2440f67eca41814d06afd3f9d {\n                margin-top: 80px;\n            }\n        }\n\n        #block_3494a9a2440f67eca41814d06afd3f9d {\n            margin-bottom: 56px;\n        }\n\n        @media screen and (min-width: 768px) {\n            #block_3494a9a2440f67eca41814d06afd3f9d {\n                margin-bottom: 96px;\n            }\n        }\n\n            <\/style>\n<section class=\"expertises-list\" id=\"block_3494a9a2440f67eca41814d06afd3f9d\">\n            <div class=\"expertises-list--title container--large\">\n            <h2>Nos services<\/h2>\n        <\/div>\n                <div class=\"expertises-list--list container--large\">\n                                            <div class=\"card-expertise\">\n                                            <div class=\"card-expertise--image\">\n                            <img decoding=\"async\" src=\"https:\/\/preprod.hiolle-bedrock.weareled.fr\/app\/uploads\/sites\/6\/2025\/01\/ligne-de-vie-support-bac-acier-sec-fmi-pro-e1735896430342.jpg\" alt=\"\">\n                            <span class=\"legend\"><\/span>\n                        <\/div>\n                                        <div class=\"card-expertise--content\">\n                                                    <h4>Etude de faisabilit\u00e9 et fabrication<\/h4>\n                                                                                                    <p>Lignes de vie \u00e0 c\u00e2bles ou \u00e0 sangles<\/p>\n                                            <\/div>\n                    <!-- <a href=\"#\"><\/a> -->\n                <\/div>\n                                            <div class=\"card-expertise\">\n                                            <div class=\"card-expertise--image\">\n                            <img decoding=\"async\" src=\"https:\/\/preprod.hiolle-bedrock.weareled.fr\/app\/uploads\/sites\/6\/2025\/01\/ligne-de-vie-support-bac-acier-sec-fmi-pro-e1735896430342.jpg\" alt=\"\">\n                            <span class=\"legend\"><\/span>\n                        <\/div>\n                                        <div class=\"card-expertise--content\">\n                                                    <h4>Installation<\/h4>\n                                                                                                    <p>Lignes de vies fixes ou provisoires<\/p>\n                                            <\/div>\n                    <!-- <a href=\"#\"><\/a> -->\n                <\/div>\n                    <\/div>\n    <\/section>\n\n    <style>\n        #block_7f8c8378a90b7abd73987cf2048e7305 {\n            margin-top: 56px;\n        }\n\n        @media screen and (min-width: 768px) {\n            #block_7f8c8378a90b7abd73987cf2048e7305 {\n                margin-top: 96px;\n            }\n        }\n\n        #block_7f8c8378a90b7abd73987cf2048e7305 {\n            margin-bottom: 56px;\n        }\n\n        @media screen and (min-width: 768px) {\n            #block_7f8c8378a90b7abd73987cf2048e7305 {\n                margin-bottom: 96px;\n            }\n        }\n\n            <\/style>\n    <section class=\"slider-actualites glue nav-medium \" id=\"block_7f8c8378a90b7abd73987cf2048e7305\">\n                <div class=\"slider-actualites--container\">\n            <div class=\"slider-actualites--header container--large\">\n                                    <div class=\"slider-actualites--title\">\n                        <p class=\"uptitle\">Nos actualit\u00e9s<\/p>\n<h2>D\u00e9couvrez toutes <span style=\"color: #009cde\">nos derni\u00e8res r\u00e9alisations\u00a0<\/span><\/h2>\n                    <\/div>\n                                                    <a href=\"https:\/\/preprod.hiolle-bedrock.weareled.fr\/graff\/nos-actualites\/\" class=\"link dark icon arrow-right\">Voir toutes les actualit\u00e9s<\/a>\n                            <\/div>\n            <div class=\"slider-actualites--slider container--large owl-carousel\">\n                                                        <div class=\"card-actuality\">\n                        <a href=\"https:\/\/preprod.hiolle-bedrock.weareled.fr\/graff\/bilan-de-la-periode-estivale-de-belles-realisations-et-des-clients-satisfaits-3\/\" class=\"card-actuality--link\"><\/a>\n                        <div class=\"card-actuality--image\">\n                                                            <img decoding=\"async\" src=\"https:\/\/preprod.hiolle-bedrock.weareled.fr\/app\/uploads\/sites\/6\/2025\/08\/1719985455221.jpg\" alt=\"\">\n                                                                                        <div class=\"card-actuality--categories\">\n                                                                            <span class=\"category\">R\u00e9alisations<\/span>\n                                                                    <\/div>\n                                                    <\/div>\n                        <div class=\"card-actuality--content\">\n                            <div class=\"card-actuality--title\">\n                                                                                                                    <span class=\"tag\">GRAFF<\/span>\n                                                                                                    <h5>Bilan de la p\u00e9riode estivale : de belles r\u00e9alisations et des clients satisfaits !<\/h5>\n                            <\/div>\n                                                        <div class=\"card-actuality--footer\">\n                                <span class=\"date\">03 mars 2026<\/span>\n                                <span class=\"arrow-btn light-green\"><span><\/span><\/span>\n                            <\/div>\n                        <\/div>\n                    <\/div>\n                                                        <div class=\"card-actuality\">\n                        <a href=\"https:\/\/preprod.hiolle-bedrock.weareled.fr\/graff\/un-projet-de-chaudronnerie-sur-mesure\/\" class=\"card-actuality--link\"><\/a>\n                        <div class=\"card-actuality--image\">\n                                                            <img decoding=\"async\" src=\"https:\/\/preprod.hiolle-bedrock.weareled.fr\/app\/uploads\/sites\/6\/2025\/10\/1743074852728-1-e1756222684163.jpeg\" alt=\"\">\n                                                                                        <div class=\"card-actuality--categories\">\n                                                                            <span class=\"category\">R\u00e9alisations<\/span>\n                                                                    <\/div>\n                                                    <\/div>\n                        <div class=\"card-actuality--content\">\n                            <div class=\"card-actuality--title\">\n                                                                                                                    <span class=\"tag\">GRAFF<\/span>\n                                                                                                                                            <h5>Un projet de chaudronnerie sur-mesure !<\/h5>\n                            <\/div>\n                                                        <div class=\"card-actuality--footer\">\n                                <span class=\"date\">26 ao\u00fbt 2025<\/span>\n                                <span class=\"arrow-btn light-green\"><span><\/span><\/span>\n                            <\/div>\n                        <\/div>\n                    <\/div>\n                            <\/div>\n            <div class=\"slider-actualites--navigation owl-nav container--large\">\n                <span class=\"indicator\"><\/span>\n                <div class=\"slider-actualites--dots owl-dots\"><\/div>\n            <\/div>\n        <\/div>\n    <\/section>\n\n\n    <style>\n        #block_ea66c25898fc7141f437410ee5271839 {\n            margin-top: 56px;\n        }\n\n        @media screen and (min-width: 768px) {\n            #block_ea66c25898fc7141f437410ee5271839 {\n                margin-top: 96px;\n            }\n        }\n\n        #block_ea66c25898fc7141f437410ee5271839 {\n            margin-bottom: 56px;\n        }\n\n        @media screen and (min-width: 768px) {\n            #block_ea66c25898fc7141f437410ee5271839 {\n                margin-bottom: 96px;\n            }\n        }\n\n            <\/style>\n<section class=\"redirection-double \" id=\"block_ea66c25898fc7141f437410ee5271839\">\n        <div class=\"redirection-double--container container--large\">\n                    <div class=\"background\">\n                                                    <h3>Vous souhaitez prendre contact avec nous ?<\/h3>\n<p>Une question ? Une demande particuli\u00e8re ? Un projet ? Contactez-nous d\u00e8s aujourd\u2019hui, nous nous ferons un plaisir de vous r\u00e9pondre dans les plus brefs d\u00e9lais.<\/p>\n                                                    <a href=\"https:\/\/preprod.hiolle-bedrock.weareled.fr\/graff\/contactez-nous\/\" target=\"\" class=\"btn secondary icon arrow-right\">Nous contacter<span><\/span><\/a>\n                            <\/div>\n                            <div class=\"light\">\n                                    <h3>D\u00e9couvrez nos autres solutions !<\/h3>\n<p>Nos \u00e9quipes sont aussi sp\u00e9cialis\u00e9es dans la maintenance industrielle et la fabrication d&rsquo;ouvrages m\u00e9talliques complexes<\/p>\n                                                    <a href=\"https:\/\/preprod.hiolle-bedrock.weareled.fr\/graff\/solutions-realisations\/\" target=\"\" class=\"btn icon arrow-right\">Voir toutes nos solutions<span><\/span><\/a>\n                            <\/div>\n            <\/div>\n<\/section>","protected":false},"excerpt":{"rendered":"<p>Cr\u00e9ation et installation de lignes de vie sur les lignes de production des sites industriels.<\/p>\n","protected":false},"author":1,"featured_media":276,"parent":37,"menu_order":3,"comment_status":"closed","ping_status":"closed","template":"","meta":{"_acf_changed":false,"_seopress_robots_primary_cat":"","_seopress_titles_title":"","_seopress_titles_desc":"","_seopress_robots_index":"","footnotes":""},"class_list":["post-131","page","type-page","status-publish","has-post-thumbnail","hentry"],"acf":[],"lang":"fr","translations":{"fr":131},"pll_sync_post":[],"_links":{"self":[{"href":"https:\/\/preprod.hiolle-bedrock.weareled.fr\/graff\/wp-json\/wp\/v2\/pages\/131","targetHints":{"allow":["GET"]}}],"collection":[{"href":"https:\/\/preprod.hiolle-bedrock.weareled.fr\/graff\/wp-json\/wp\/v2\/pages"}],"about":[{"href":"https:\/\/preprod.hiolle-bedrock.weareled.fr\/graff\/wp-json\/wp\/v2\/types\/page"}],"author":[{"embeddable":true,"href":"https:\/\/preprod.hiolle-bedrock.weareled.fr\/graff\/wp-json\/wp\/v2\/users\/1"}],"replies":[{"embeddable":true,"href":"https:\/\/preprod.hiolle-bedrock.weareled.fr\/graff\/wp-json\/wp\/v2\/comments?post=131"}],"version-history":[{"count":7,"href":"https:\/\/preprod.hiolle-bedrock.weareled.fr\/graff\/wp-json\/wp\/v2\/pages\/131\/revisions"}],"predecessor-version":[{"id":513,"href":"https:\/\/preprod.hiolle-bedrock.weareled.fr\/graff\/wp-json\/wp\/v2\/pages\/131\/revisions\/513"}],"up":[{"embeddable":true,"href":"https:\/\/preprod.hiolle-bedrock.weareled.fr\/graff\/wp-json\/wp\/v2\/pages\/37"}],"wp:featuredmedia":[{"embeddable":true,"href":"https:\/\/preprod.hiolle-bedrock.weareled.fr\/graff\/wp-json\/wp\/v2\/media\/276"}],"wp:attachment":[{"href":"https:\/\/preprod.hiolle-bedrock.weareled.fr\/graff\/wp-json\/wp\/v2\/media?parent=131"}],"curies":[{"name":"wp","href":"https:\/\/api.w.org\/{rel}","templated":true}]}}