{"id":37,"date":"2024-10-15T11:06:07","date_gmt":"2024-10-15T09:06:07","guid":{"rendered":"https:\/\/preprod.hiolle-bedrock.weareled.fr\/hiolle-logistique\/?page_id=37"},"modified":"2026-03-05T10:18:23","modified_gmt":"2026-03-05T09:18:23","slug":"solutions-realisations","status":"publish","type":"page","link":"https:\/\/preprod.hiolle-bedrock.weareled.fr\/graff\/solutions-realisations\/","title":{"rendered":"Solutions &amp; r\u00e9alisations"},"content":{"rendered":"    <style>\n        #block_f8d7636d18036b2fbc16c5b1b46c2d09 {\n            margin-top: 0px;\n        }\n\n        @media screen and (min-width: 768px) {\n            #block_f8d7636d18036b2fbc16c5b1b46c2d09 {\n                margin-top: 0px;\n            }\n        }\n\n        #block_f8d7636d18036b2fbc16c5b1b46c2d09 {\n            margin-bottom: 56px;\n        }\n\n        @media screen and (min-width: 768px) {\n            #block_f8d7636d18036b2fbc16c5b1b46c2d09 {\n                margin-bottom: 96px;\n            }\n        }\n\n            <\/style>\n<section class=\"hero hero--secondary\" id=\"block_f8d7636d18036b2fbc16c5b1b46c2d09\">\n    <div class=\"hero--container\">\n                    <div class=\"hero--img\">\n                <img decoding=\"async\" src=\"https:\/\/preprod.hiolle-bedrock.weareled.fr\/app\/uploads\/sites\/6\/2025\/01\/GRAFF_063.jpg\" alt=\"Plan de fabrication\">\n            <\/div>\n                <div class=\"hero--container-content\">\n                                                    <div class=\"hero--content\">\n                    <p class=\"uptitle\">Solutions &amp; r\u00e9alisations<\/p>\n<h1><b>De l&rsquo;ing\u00e9nierie \u00e0<br \/>\nla mise en service<\/b><\/h1>\n<p>GRAFF propose des solutions compl\u00e8tes de conception, fabrication, installation et maintenance de constructions m\u00e9talliques et ouvrages chaudronn\u00e9s complexes. La s\u00e9curisation de site via le montage de lignes de vie compl\u00e8te l\u2019offre de l\u2019entreprise.<\/p>\n                <\/div>\n                                <\/div>\n    <\/div>\n<\/section>\n\n    <style>\n        #block_23b5bb0cc1f016ff26f4095efd7986c8 {\n            margin-top: 56px;\n        }\n\n        @media screen and (min-width: 768px) {\n            #block_23b5bb0cc1f016ff26f4095efd7986c8 {\n                margin-top: 96px;\n            }\n        }\n\n        #block_23b5bb0cc1f016ff26f4095efd7986c8 {\n            margin-bottom: 56px;\n        }\n\n        @media screen and (min-width: 768px) {\n            #block_23b5bb0cc1f016ff26f4095efd7986c8 {\n                margin-bottom: 96px;\n            }\n        }\n\n            <\/style>\n    <section class=\"solutions-list\" id=\"block_23b5bb0cc1f016ff26f4095efd7986c8\">\n        <div class=\"solutions-list--container container--large\">\n                            <div class=\"solutions-list--title\">\n                    <h2>Les <span style=\"color: #009cde\">solutions<\/span> de GRAFF<\/h2>\n                <\/div>\n                        <div class=\"solutions-list--cards-solution\">\n                                                    <div class=\"card-solution--item   is-page-link\" data-count=\"1\" data-solution=\"conception-fabrication-et-montage-douvrages-metalliques-complexes\">\n                                                    <div class=\"card-solution--item-img\">\n                                <a href=\"https:\/\/preprod.hiolle-bedrock.weareled.fr\/graff\/solutions-realisations\/conception-fabrication-et-montage-douvrages-metalliques-complexes\/\"><img decoding=\"async\" src=\"https:\/\/preprod.hiolle-bedrock.weareled.fr\/app\/uploads\/sites\/6\/2025\/01\/GRAFF_038.jpg\" alt=\"image de fond de la carte\"><\/a>\n                            <\/div>\n                                                <div class=\"card-solution--item-inner\">\n                            <h4><a href=\"https:\/\/preprod.hiolle-bedrock.weareled.fr\/graff\/solutions-realisations\/conception-fabrication-et-montage-douvrages-metalliques-complexes\/\">Conception, fabrication et montage d\u2019ouvrages m\u00e9talliques complexes<\/a><\/h4>\n                            <p>Etude de faisabilit\u00e9, fabrication sur mesure et montage d\u2019ouvrages m\u00e9talliques chaudronn\u00e9s<\/p>\n                            <a href=\"https:\/\/preprod.hiolle-bedrock.weareled.fr\/graff\/solutions-realisations\/conception-fabrication-et-montage-douvrages-metalliques-complexes\/\" class=\"link dark icon arrow-right\">En savoir plus<\/a>\n                                                    <\/div>\n                    <\/div>\n                                                                            <div class=\"card-solution--item   is-page-link\" data-count=\"2\" data-solution=\"maintenance-industrielle-et-renovation\">\n                                                    <div class=\"card-solution--item-img\">\n                                <a href=\"https:\/\/preprod.hiolle-bedrock.weareled.fr\/graff\/solutions-realisations\/maintenance-industrielle-et-renovation\/\"><img decoding=\"async\" src=\"https:\/\/preprod.hiolle-bedrock.weareled.fr\/app\/uploads\/sites\/6\/2025\/01\/GRAFF_019.jpg\" alt=\"image de fond de la carte\"><\/a>\n                            <\/div>\n                                                <div class=\"card-solution--item-inner\">\n                            <h4><a href=\"https:\/\/preprod.hiolle-bedrock.weareled.fr\/graff\/solutions-realisations\/maintenance-industrielle-et-renovation\/\">Maintenance industrielle et r\u00e9novation<\/a><\/h4>\n                            <p>R\u00e9paration et remplacement des structures m\u00e9talliques et des ouvrages chaudronn\u00e9s en atelier de maintenance d\u00e9di\u00e9.<\/p>\n                            <a href=\"https:\/\/preprod.hiolle-bedrock.weareled.fr\/graff\/solutions-realisations\/maintenance-industrielle-et-renovation\/\" class=\"link dark icon arrow-right\">En savoir plus<\/a>\n                                                    <\/div>\n                    <\/div>\n                                                                            <div class=\"card-solution--item   is-page-link\" data-count=\"3\" data-solution=\"securisation\">\n                                                    <div class=\"card-solution--item-img\">\n                                <a href=\"https:\/\/preprod.hiolle-bedrock.weareled.fr\/graff\/solutions-realisations\/securisation\/\"><img decoding=\"async\" src=\"https:\/\/preprod.hiolle-bedrock.weareled.fr\/app\/uploads\/sites\/6\/2025\/01\/ligne-de-vie-support-bac-acier-sec-fmi-pro-e1735896430342.jpg\" alt=\"image de fond de la carte\"><\/a>\n                            <\/div>\n                                                <div class=\"card-solution--item-inner\">\n                            <h4><a href=\"https:\/\/preprod.hiolle-bedrock.weareled.fr\/graff\/solutions-realisations\/securisation\/\">S\u00e9curisation<\/a><\/h4>\n                            <p>Cr\u00e9ation et installation de lignes de vie sur les lignes de production des sites industriels.<\/p>\n                            <a href=\"https:\/\/preprod.hiolle-bedrock.weareled.fr\/graff\/solutions-realisations\/securisation\/\" class=\"link dark icon arrow-right\">En savoir plus<\/a>\n                                                    <\/div>\n                    <\/div>\n                                                                    <\/div>\n                    <\/div>\n    <\/section>\n\n\n    <style>\n        #block_a24c9c49e9c6fbcec32b8d1be024c427 {\n            margin-top: 56px;\n        }\n\n        @media screen and (min-width: 768px) {\n            #block_a24c9c49e9c6fbcec32b8d1be024c427 {\n                margin-top: 96px;\n            }\n        }\n\n        #block_a24c9c49e9c6fbcec32b8d1be024c427 {\n            margin-bottom: 56px;\n        }\n\n        @media screen and (min-width: 768px) {\n            #block_a24c9c49e9c6fbcec32b8d1be024c427 {\n                margin-bottom: 96px;\n            }\n        }\n\n            <\/style>\n<section class=\"slider-logos glue\" id=\"block_a24c9c49e9c6fbcec32b8d1be024c427\">\n    <div class=\"slider-logos--container container\">\n                            <div class=\"slider-logos--title\">\n                <h3>Ils nous <span style=\"color: #009cde\">font confiance !<\/span><\/h3>\n                            <\/div>\n                            <div class=\"slider-logos--content-container\">\n                <div class=\"slider-logos--content\">\n                    <div class=\"slider-logos--content-item\">\n                                                                                                                <img decoding=\"async\" src=\"https:\/\/preprod.hiolle-bedrock.weareled.fr\/app\/uploads\/sites\/6\/2025\/01\/cryolor_2-4.jpg\" alt=\"Logo Cryolor\">\n                                                                                                                                            <img decoding=\"async\" src=\"https:\/\/preprod.hiolle-bedrock.weareled.fr\/app\/uploads\/sites\/6\/2025\/01\/layout_set_logo-4.jpg\" alt=\"Logo Cimalux\">\n                                                                                                                                            <img decoding=\"async\" src=\"https:\/\/preprod.hiolle-bedrock.weareled.fr\/app\/uploads\/sites\/6\/2025\/01\/1520179182632-2.jpg\" alt=\"Logo Air Liquide\">\n                                                                                                                                            <img decoding=\"async\" src=\"https:\/\/preprod.hiolle-bedrock.weareled.fr\/app\/uploads\/sites\/6\/2025\/01\/Comessa-logo-new-03-bonne-resolution-sur-pdf-2.jpg\" alt=\"Logo Comessa\">\n                                                                                                                                            <img decoding=\"async\" src=\"https:\/\/preprod.hiolle-bedrock.weareled.fr\/app\/uploads\/sites\/6\/2025\/01\/fives-logo.png\" alt=\"Logo Fives\">\n                                                                                                                                            <img decoding=\"async\" src=\"https:\/\/preprod.hiolle-bedrock.weareled.fr\/app\/uploads\/sites\/6\/2025\/01\/1200px-Logo_Clemessy.png\" alt=\"Logo Eiffage Clemessy\">\n                                                                                                                                            <img decoding=\"async\" src=\"https:\/\/preprod.hiolle-bedrock.weareled.fr\/app\/uploads\/sites\/6\/2025\/01\/Logo_Boccard_HD.png\" alt=\"Logo Boccard\">\n                                                                                                                                            <img decoding=\"async\" src=\"https:\/\/preprod.hiolle-bedrock.weareled.fr\/app\/uploads\/sites\/6\/2025\/01\/logo.png\" alt=\"Logo Victor Buick\">\n                                                                                                                                            <img decoding=\"async\" src=\"https:\/\/preprod.hiolle-bedrock.weareled.fr\/app\/uploads\/sites\/6\/2025\/01\/Exyte_Logo-scaled.jpg\" alt=\"Logo Exyte\">\n                                                                                                                                            <img decoding=\"async\" src=\"https:\/\/preprod.hiolle-bedrock.weareled.fr\/app\/uploads\/sites\/6\/2025\/01\/logo-2.png\" alt=\"Logo Beugin Garay\">\n                                                                                                                                            <img decoding=\"async\" src=\"https:\/\/preprod.hiolle-bedrock.weareled.fr\/app\/uploads\/sites\/6\/2025\/01\/Logo_ArcelorMittal.svg.png\" alt=\"Logo ArcelorMittal\">\n                                                                        <\/div>\n                <\/div>\n            <\/div>\n            <\/div>\n<\/section>\n\n    <style>\n        #block_906be9fc41a3c7db1b811ff7864df45e {\n            margin-top: 56px;\n        }\n\n        @media screen and (min-width: 768px) {\n            #block_906be9fc41a3c7db1b811ff7864df45e {\n                margin-top: 96px;\n            }\n        }\n\n        #block_906be9fc41a3c7db1b811ff7864df45e {\n            margin-bottom: 56px;\n        }\n\n        @media screen and (min-width: 768px) {\n            #block_906be9fc41a3c7db1b811ff7864df45e {\n                margin-bottom: 96px;\n            }\n        }\n\n            <\/style>\n    <section class=\"slider-actualites glue nav-medium \" id=\"block_906be9fc41a3c7db1b811ff7864df45e\">\n                <div class=\"slider-actualites--container\">\n            <div class=\"slider-actualites--header container--large\">\n                                    <div class=\"slider-actualites--title\">\n                        <p class=\"uptitle\">Nos actualit\u00e9s<\/p>\n<h2>D\u00e9couvrez toutes <span style=\"color: #009cde\">nos derni\u00e8res r\u00e9alisations<\/span><\/h2>\n                    <\/div>\n                                                    <a href=\"https:\/\/preprod.hiolle-bedrock.weareled.fr\/graff\/nos-actualites\/\" class=\"link dark icon arrow-right\">Voir toutes les actualit\u00e9s<\/a>\n                            <\/div>\n            <div class=\"slider-actualites--slider container--large owl-carousel\">\n                                                        <div class=\"card-actuality\">\n                        <a href=\"https:\/\/preprod.hiolle-bedrock.weareled.fr\/graff\/bilan-de-la-periode-estivale-de-belles-realisations-et-des-clients-satisfaits-3\/\" class=\"card-actuality--link\"><\/a>\n                        <div class=\"card-actuality--image\">\n                                                            <img decoding=\"async\" src=\"https:\/\/preprod.hiolle-bedrock.weareled.fr\/app\/uploads\/sites\/6\/2025\/08\/1719985455221.jpg\" alt=\"\">\n                                                                                        <div class=\"card-actuality--categories\">\n                                                                            <span class=\"category\">R\u00e9alisations<\/span>\n                                                                    <\/div>\n                                                    <\/div>\n                        <div class=\"card-actuality--content\">\n                            <div class=\"card-actuality--title\">\n                                                                                                                    <span class=\"tag\">GRAFF<\/span>\n                                                                                                    <h5>Bilan de la p\u00e9riode estivale : de belles r\u00e9alisations et des clients satisfaits !<\/h5>\n                            <\/div>\n                                                        <div class=\"card-actuality--footer\">\n                                <span class=\"date\">03 mars 2026<\/span>\n                                <span class=\"arrow-btn light-green\"><span><\/span><\/span>\n                            <\/div>\n                        <\/div>\n                    <\/div>\n                                                        <div class=\"card-actuality\">\n                        <a href=\"https:\/\/preprod.hiolle-bedrock.weareled.fr\/graff\/un-projet-de-chaudronnerie-sur-mesure\/\" class=\"card-actuality--link\"><\/a>\n                        <div class=\"card-actuality--image\">\n                                                            <img decoding=\"async\" src=\"https:\/\/preprod.hiolle-bedrock.weareled.fr\/app\/uploads\/sites\/6\/2025\/10\/1743074852728-1-e1756222684163.jpeg\" alt=\"\">\n                                                                                        <div class=\"card-actuality--categories\">\n                                                                            <span class=\"category\">R\u00e9alisations<\/span>\n                                                                    <\/div>\n                                                    <\/div>\n                        <div class=\"card-actuality--content\">\n                            <div class=\"card-actuality--title\">\n                                                                                                                    <span class=\"tag\">GRAFF<\/span>\n                                                                                                                                            <h5>Un projet de chaudronnerie sur-mesure !<\/h5>\n                            <\/div>\n                                                        <div class=\"card-actuality--footer\">\n                                <span class=\"date\">26 ao\u00fbt 2025<\/span>\n                                <span class=\"arrow-btn light-green\"><span><\/span><\/span>\n                            <\/div>\n                        <\/div>\n                    <\/div>\n                            <\/div>\n            <div class=\"slider-actualites--navigation owl-nav container--large\">\n                <span class=\"indicator\"><\/span>\n                <div class=\"slider-actualites--dots owl-dots\"><\/div>\n            <\/div>\n        <\/div>\n    <\/section>\n\n\n    <style>\n        #block_8c9a86411c59d36fe1e528bc23a3af1f {\n            margin-top: 56px;\n        }\n\n        @media screen and (min-width: 768px) {\n            #block_8c9a86411c59d36fe1e528bc23a3af1f {\n                margin-top: 96px;\n            }\n        }\n\n        #block_8c9a86411c59d36fe1e528bc23a3af1f {\n            margin-bottom: 56px;\n        }\n\n        @media screen and (min-width: 768px) {\n            #block_8c9a86411c59d36fe1e528bc23a3af1f {\n                margin-bottom: 96px;\n            }\n        }\n\n            <\/style>\n<section class=\"redirection-double \" id=\"block_8c9a86411c59d36fe1e528bc23a3af1f\">\n        <div class=\"redirection-double--container container--large\">\n                    <div class=\"background\">\n                                                    <h3>Vous souhaitez prendre contact avec nous ?<\/h3>\n<p>Une question ? Une demande particuli\u00e8re ? Un projet ? Contactez-nous d\u00e8s aujourd\u2019hui, nous nous ferons un plaisir de vous r\u00e9pondre dans les plus brefs d\u00e9lais.<\/p>\n                                                    <a href=\"https:\/\/preprod.hiolle-bedrock.weareled.fr\/graff\/contactez-nous\/\" target=\"\" class=\"btn secondary icon arrow-right\">Nous contacter<span><\/span><\/a>\n                            <\/div>\n                            <div class=\"light\">\n                                    <h3>Envie de rejoindre l\u2019aventure GRAFF ?<\/h3>\n<p>Rejoignez un mouvement en constante \u00e9volution, dans une entreprise familiale et conviviale !<\/p>\n                                                    <a href=\"https:\/\/preprod.hiolle-bedrock.weareled.fr\/graff\/nous-rejoindre\/\" target=\"\" class=\"btn icon arrow-right\">Consulter les offres<span><\/span><\/a>\n                            <\/div>\n            <\/div>\n<\/section>","protected":false},"excerpt":{"rendered":"","protected":false},"author":1,"featured_media":0,"parent":0,"menu_order":0,"comment_status":"closed","ping_status":"closed","template":"","meta":{"_acf_changed":false,"_seopress_robots_primary_cat":"","_seopress_titles_title":"","_seopress_titles_desc":"","_seopress_robots_index":"","footnotes":""},"class_list":["post-37","page","type-page","status-publish","hentry"],"acf":[],"lang":"fr","translations":{"fr":37},"pll_sync_post":[],"_links":{"self":[{"href":"https:\/\/preprod.hiolle-bedrock.weareled.fr\/graff\/wp-json\/wp\/v2\/pages\/37","targetHints":{"allow":["GET"]}}],"collection":[{"href":"https:\/\/preprod.hiolle-bedrock.weareled.fr\/graff\/wp-json\/wp\/v2\/pages"}],"about":[{"href":"https:\/\/preprod.hiolle-bedrock.weareled.fr\/graff\/wp-json\/wp\/v2\/types\/page"}],"author":[{"embeddable":true,"href":"https:\/\/preprod.hiolle-bedrock.weareled.fr\/graff\/wp-json\/wp\/v2\/users\/1"}],"replies":[{"embeddable":true,"href":"https:\/\/preprod.hiolle-bedrock.weareled.fr\/graff\/wp-json\/wp\/v2\/comments?post=37"}],"version-history":[{"count":25,"href":"https:\/\/preprod.hiolle-bedrock.weareled.fr\/graff\/wp-json\/wp\/v2\/pages\/37\/revisions"}],"predecessor-version":[{"id":647,"href":"https:\/\/preprod.hiolle-bedrock.weareled.fr\/graff\/wp-json\/wp\/v2\/pages\/37\/revisions\/647"}],"wp:attachment":[{"href":"https:\/\/preprod.hiolle-bedrock.weareled.fr\/graff\/wp-json\/wp\/v2\/media?parent=37"}],"curies":[{"name":"wp","href":"https:\/\/api.w.org\/{rel}","templated":true}]}}