{"id":157,"date":"2025-01-09T10:37:28","date_gmt":"2025-01-09T09:37:28","guid":{"rendered":"https:\/\/preprod.hiolle-bedrock.weareled.fr\/hiolle-immobilier\/?page_id=157"},"modified":"2026-03-31T12:07:02","modified_gmt":"2026-03-31T10:07:02","slug":"amenagement-paysager","status":"publish","type":"page","link":"https:\/\/preprod.hiolle-bedrock.weareled.fr\/hiolle-immobilier\/solutions-realisations\/travaux-de-batiment-particuliers-et-professionnels\/amenagement-paysager\/","title":{"rendered":"Travaux de r\u00e9sine, peinture au sol et marquage au sol"},"content":{"rendered":"    <style>\n        #block_e4d5cf9621587e1ba552effebb6f3612 {\n            margin-top: 0px;\n        }\n\n        @media screen and (min-width: 768px) {\n            #block_e4d5cf9621587e1ba552effebb6f3612 {\n                margin-top: 0px;\n            }\n        }\n\n        #block_e4d5cf9621587e1ba552effebb6f3612 {\n            margin-bottom: 56px;\n        }\n\n        @media screen and (min-width: 768px) {\n            #block_e4d5cf9621587e1ba552effebb6f3612 {\n                margin-bottom: 96px;\n            }\n        }\n\n            <\/style>\n<section class=\"hero hero--secondary\" id=\"block_e4d5cf9621587e1ba552effebb6f3612\">\n    <div class=\"hero--container\">\n                    <div class=\"hero--img\">\n                <img decoding=\"async\" src=\"https:\/\/preprod.hiolle-bedrock.weareled.fr\/app\/uploads\/sites\/9\/2025\/02\/PHOTO-RESINE-VENTECO-retouchee-1-e1740415923113.jpg\" alt=\"\">\n            <\/div>\n                <div class=\"hero--container-content\">\n                            <div class=\"hero--breadcrumb\">\n                    <nav  aria-label=\"Fil d&#039;Ariane\"><ol class=\"breadcrumb\" itemscope itemtype=\"https:\/\/schema.org\/BreadcrumbList\"><li class=\"breadcrumb-item active\" aria-current=\"page\" itemprop=\"itemListElement\" itemscope itemtype=\"https:\/\/schema.org\/ListItem\"><span itemprop=\"name\">Accueil<\/span><meta itemprop=\"position\" content=\"1\"><\/li><\/ol><\/nav>                <\/div>\n                                                    <div class=\"hero--content\">\n                    <p class=\"uptitle\">Solutions &amp; r\u00e9alisations<\/p>\n<h1>Travaux de r\u00e9sine, peinture au sol et marquage au sol<\/h1>\n<p>Pose de r\u00e9sine de sol et marquage signal\u00e9tique pour des rev\u00eatements r\u00e9sistants et longue dur\u00e9e<\/p>\n                <\/div>\n                                <\/div>\n    <\/div>\n<\/section>\n\n    <style>\n        #block_e90eb516de721d34623add1eed705a97 {\n            margin-top: 8px;\n        }\n\n        @media screen and (min-width: 768px) {\n            #block_e90eb516de721d34623add1eed705a97 {\n                margin-top: 24px;\n            }\n        }\n\n        #block_e90eb516de721d34623add1eed705a97 {\n            margin-bottom: 56px;\n        }\n\n        @media screen and (min-width: 768px) {\n            #block_e90eb516de721d34623add1eed705a97 {\n                margin-bottom: 80px;\n            }\n        }\n\n            <\/style>\n<section class=\"simplified-nav\" id=\"block_e90eb516de721d34623add1eed705a97\">\n    <div class=\"simplified-nav--container container--large\">\n                    <div class=\"simplified-nav--label\">\n                <p>Nos solutions<\/p>\n            <\/div>\n                \n                    <div class=\"simplified-nav--select is-custom-select\">\n                                                    <select onchange=\"window.location=this.value\">\n                                                                                                                                        <option selected                                    value=\"https:\/\/preprod.hiolle-bedrock.weareled.fr\/hiolle-immobilier\/solutions-realisations\/travaux-de-batiment-particuliers-et-professionnels\/\">\n                                    Travaux de b\u00e2timent (particuliers et professionnels)                                <\/option>\n\n                                                                                                                                                                                                                                    <\/select>\n                            <\/div>\n            <\/div>\n<\/section>\n\n    <style>\n        #block_c07d5fed1836bfc875d6cd6bd3ccafb9 {\n            margin-top: 56px;\n        }\n\n        @media screen and (min-width: 768px) {\n            #block_c07d5fed1836bfc875d6cd6bd3ccafb9 {\n                margin-top: 80px;\n            }\n        }\n\n        #block_c07d5fed1836bfc875d6cd6bd3ccafb9 {\n            margin-bottom: 56px;\n        }\n\n        @media screen and (min-width: 768px) {\n            #block_c07d5fed1836bfc875d6cd6bd3ccafb9 {\n                margin-bottom: 96px;\n            }\n        }\n\n            <\/style>\n<section class=\"expertises-list\" id=\"block_c07d5fed1836bfc875d6cd6bd3ccafb9\">\n            <div class=\"expertises-list--title container--large\">\n            <h2>Nos services<\/h2>\n        <\/div>\n                <div class=\"expertises-list--list container--large\">\n                                            <div class=\"card-expertise\">\n                                            <div class=\"card-expertise--image\">\n                            <img decoding=\"async\" src=\"https:\/\/preprod.hiolle-bedrock.weareled.fr\/app\/uploads\/sites\/9\/2025\/08\/PHOTO-RESINE-MALTERIE-e1754663700769.jpg\" alt=\"\">\n                            <span class=\"legend\"><\/span>\n                        <\/div>\n                                        <div class=\"card-expertise--content\">\n                                                    <h4>R\u00e9sine et peinture \u00e9poxy<\/h4>\n                                                                                                    <p>Pr\u00e9paration de sol et pose de r\u00e9sine \u00e9poxy. Application de peintures \u00e9poxy sols et murs, locaux techniques et industriels.<\/p>\n                                            <\/div>\n                    <!-- <a href=\"#\"><\/a> -->\n                <\/div>\n                                            <div class=\"card-expertise\">\n                                            <div class=\"card-expertise--image\">\n                            <img decoding=\"async\" src=\"https:\/\/preprod.hiolle-bedrock.weareled.fr\/app\/uploads\/sites\/9\/2026\/03\/Marquage_routier.png\" alt=\"\">\n                            <span class=\"legend\"><\/span>\n                        <\/div>\n                                        <div class=\"card-expertise--content\">\n                                                    <h4>Marquage au sol pour parking ext\u00e9rieur et pour entrep\u00f4t<\/h4>\n                                                                                                    <p>Tra\u00e7age de lignes, zones de circulation et zones de s\u00e9curit\u00e9<\/p>\n                                            <\/div>\n                    <!-- <a href=\"#\"><\/a> -->\n                <\/div>\n                    <\/div>\n    <\/section>\n\n    <style>\n        #block_d47190984c4b236e13604ecc0c9dc507 {\n            margin-top: 56px;\n        }\n\n        @media screen and (min-width: 768px) {\n            #block_d47190984c4b236e13604ecc0c9dc507 {\n                margin-top: 96px;\n            }\n        }\n\n        #block_d47190984c4b236e13604ecc0c9dc507 {\n            margin-bottom: 56px;\n        }\n\n        @media screen and (min-width: 768px) {\n            #block_d47190984c4b236e13604ecc0c9dc507 {\n                margin-bottom: 96px;\n            }\n        }\n\n            <\/style>\n\n\n    <style>\n        #block_9bbbc3131e8f4643972c05a7c048817b {\n            margin-top: 56px;\n        }\n\n        @media screen and (min-width: 768px) {\n            #block_9bbbc3131e8f4643972c05a7c048817b {\n                margin-top: 96px;\n            }\n        }\n\n        #block_9bbbc3131e8f4643972c05a7c048817b {\n            margin-bottom: 56px;\n        }\n\n        @media screen and (min-width: 768px) {\n            #block_9bbbc3131e8f4643972c05a7c048817b {\n                margin-bottom: 96px;\n            }\n        }\n\n            <\/style>\n<section class=\"redirection-double \" id=\"block_9bbbc3131e8f4643972c05a7c048817b\">\n        <div class=\"redirection-double--container container--large\">\n                    <div class=\"background\">\n                                                    <h3>Vous souhaitez prendre contact avec nous ?<\/h3>\n<p>Une question ? Une demande particuli\u00e8re ? Un projet ? Contactez-nous d\u00e8s aujourd\u2019hui, nous nous ferons un plaisir de vous r\u00e9pondre dans les plus brefs d\u00e9lais.<\/p>\n                                                    <a href=\"https:\/\/preprod.hiolle-bedrock.weareled.fr\/hiolle-immobilier\/contactez-nous\/\" target=\"\" class=\"btn secondary icon arrow-right\">Nous contacter<span><\/span><\/a>\n                            <\/div>\n                            <div class=\"light\">\n                                    <h3>D\u00e9couvrez nos autres solutions !<\/h3>\n<p>Nos \u00e9quipes\u00a0accompagnent les particuliers et les professionnels dans leurs projets de r\u00e9novation et d\u2019am\u00e9nagement d\u2019espaces int\u00e9rieurs et ext\u00e9rieurs.<\/p>\n                                                    <a href=\"https:\/\/preprod.hiolle-bedrock.weareled.fr\/hiolle-immobilier\/solutions-realisations\/\" target=\"\" class=\"btn icon arrow-right\">Voir toutes nos solutions<span><\/span><\/a>\n                            <\/div>\n            <\/div>\n<\/section>","protected":false},"excerpt":{"rendered":"<p>Pose de r\u00e9sine de sol et marquage signal\u00e9tique pour des rev\u00eatements r\u00e9sistants et longue dur\u00e9e\u00a0\u00a0<\/p>\n","protected":false},"author":3,"featured_media":313,"parent":666,"menu_order":3,"comment_status":"closed","ping_status":"closed","template":"","meta":{"_acf_changed":false,"_seopress_robots_primary_cat":"","_seopress_titles_title":"","_seopress_titles_desc":"","_seopress_robots_index":"","footnotes":""},"class_list":["post-157","page","type-page","status-publish","has-post-thumbnail","hentry"],"acf":[],"lang":"fr","translations":{"fr":157},"pll_sync_post":[],"_links":{"self":[{"href":"https:\/\/preprod.hiolle-bedrock.weareled.fr\/hiolle-immobilier\/wp-json\/wp\/v2\/pages\/157","targetHints":{"allow":["GET"]}}],"collection":[{"href":"https:\/\/preprod.hiolle-bedrock.weareled.fr\/hiolle-immobilier\/wp-json\/wp\/v2\/pages"}],"about":[{"href":"https:\/\/preprod.hiolle-bedrock.weareled.fr\/hiolle-immobilier\/wp-json\/wp\/v2\/types\/page"}],"author":[{"embeddable":true,"href":"https:\/\/preprod.hiolle-bedrock.weareled.fr\/hiolle-immobilier\/wp-json\/wp\/v2\/users\/3"}],"replies":[{"embeddable":true,"href":"https:\/\/preprod.hiolle-bedrock.weareled.fr\/hiolle-immobilier\/wp-json\/wp\/v2\/comments?post=157"}],"version-history":[{"count":33,"href":"https:\/\/preprod.hiolle-bedrock.weareled.fr\/hiolle-immobilier\/wp-json\/wp\/v2\/pages\/157\/revisions"}],"predecessor-version":[{"id":1269,"href":"https:\/\/preprod.hiolle-bedrock.weareled.fr\/hiolle-immobilier\/wp-json\/wp\/v2\/pages\/157\/revisions\/1269"}],"up":[{"embeddable":true,"href":"https:\/\/preprod.hiolle-bedrock.weareled.fr\/hiolle-immobilier\/wp-json\/wp\/v2\/pages\/666"}],"wp:featuredmedia":[{"embeddable":true,"href":"https:\/\/preprod.hiolle-bedrock.weareled.fr\/hiolle-immobilier\/wp-json\/wp\/v2\/media\/313"}],"wp:attachment":[{"href":"https:\/\/preprod.hiolle-bedrock.weareled.fr\/hiolle-immobilier\/wp-json\/wp\/v2\/media?parent=157"}],"curies":[{"name":"wp","href":"https:\/\/api.w.org\/{rel}","templated":true}]}}