{"id":520,"date":"2025-06-04T11:28:51","date_gmt":"2025-06-04T09:28:51","guid":{"rendered":"https:\/\/preprod.hiolle-bedrock.weareled.fr\/team-hiolle\/?page_id=520"},"modified":"2026-03-16T17:36:15","modified_gmt":"2026-03-16T16:36:15","slug":"realisation-de-ligne-de-traitement-de-dechets","status":"publish","type":"page","link":"https:\/\/preprod.hiolle-bedrock.weareled.fr\/team-hiolle\/solutions-realisations\/realisation-de-ligne-de-traitement-de-dechets\/","title":{"rendered":"R\u00e9alisation de lignes de traitement de d\u00e9chets"},"content":{"rendered":"    <style>\n        #block_2c80a50c0dcca4fa52d7599b57e186bd {\n            margin-top: 0px;\n        }\n\n        @media screen and (min-width: 768px) {\n            #block_2c80a50c0dcca4fa52d7599b57e186bd {\n                margin-top: 0px;\n            }\n        }\n\n        #block_2c80a50c0dcca4fa52d7599b57e186bd {\n            margin-bottom: 56px;\n        }\n\n        @media screen and (min-width: 768px) {\n            #block_2c80a50c0dcca4fa52d7599b57e186bd {\n                margin-bottom: 96px;\n            }\n        }\n\n            <\/style>\n<section class=\"hero hero--secondary\" id=\"block_2c80a50c0dcca4fa52d7599b57e186bd\">\n    <div class=\"hero--container\">\n                    <div class=\"hero--img\">\n                <img decoding=\"async\" src=\"https:\/\/preprod.hiolle-bedrock.weareled.fr\/app\/uploads\/sites\/4\/2025\/07\/1-scaled.jpg\" alt=\"\">\n            <\/div>\n                <div class=\"hero--container-content\">\n                            <div class=\"hero--breadcrumb\">\n                    <nav  aria-label=\"Fil d&#039;Ariane\"><ol class=\"breadcrumb\" itemscope itemtype=\"https:\/\/schema.org\/BreadcrumbList\"><li class=\"breadcrumb-item active\" aria-current=\"page\" itemprop=\"itemListElement\" itemscope itemtype=\"https:\/\/schema.org\/ListItem\"><span itemprop=\"name\">Accueil<\/span><meta itemprop=\"position\" content=\"1\"><\/li><\/ol><\/nav>                <\/div>\n                                                    <div class=\"hero--content\">\n                    <p class=\"uptitle\">Solutions &amp; r\u00e9alisations<\/p>\n<h1>R\u00e9alisation de lignes de traitement de d\u00e9chets<\/h1>\n<p><span style=\"font-weight: 400\">Etudes, fabrication et montage de lignes de traitement des d\u00e9chets en fin de vie et m\u00e9taux, adapt\u00e9es aux besoins sp\u00e9cifiques de chaque exploitation.<\/span><\/p>\n                <\/div>\n                                <\/div>\n    <\/div>\n<\/section>\n\n    <style>\n        #block_9be20548adc5d7df039b433aa403f72a {\n            margin-top: 8px;\n        }\n\n        @media screen and (min-width: 768px) {\n            #block_9be20548adc5d7df039b433aa403f72a {\n                margin-top: 24px;\n            }\n        }\n\n        #block_9be20548adc5d7df039b433aa403f72a {\n            margin-bottom: 56px;\n        }\n\n        @media screen and (min-width: 768px) {\n            #block_9be20548adc5d7df039b433aa403f72a {\n                margin-bottom: 80px;\n            }\n        }\n\n            <\/style>\n<section class=\"simplified-nav\" id=\"block_9be20548adc5d7df039b433aa403f72a\">\n    <div class=\"simplified-nav--container container--large\">\n                    <div class=\"simplified-nav--label\">\n                <p>Nos solutions<\/p>\n            <\/div>\n                \n                    <div class=\"simplified-nav--select is-custom-select\">\n                                                    <select onchange=\"window.location=this.value\">\n                                                                                                                                                                                                                                                            <\/select>\n                            <\/div>\n            <\/div>\n<\/section>\n\n    <style>\n        #block_10bf124e4128d54fa2f26442ad678453:not(.blue) {\n            margin-top: 56px;\n        }\n\n        @media screen and (min-width: 768px) {\n            #block_10bf124e4128d54fa2f26442ad678453:not(.blue) {\n                margin-top: 80px;\n            }\n        }\n\n        #block_10bf124e4128d54fa2f26442ad678453:not(.blue) {\n            margin-bottom: 56px;\n        }\n\n        @media screen and (min-width: 768px) {\n            #block_10bf124e4128d54fa2f26442ad678453:not(.blue) {\n                margin-bottom: 80px;\n            }\n        }\n\n        #block_10bf124e4128d54fa2f26442ad678453.blue {\n            padding-top: 56px;\n        }\n\n        @media screen and (min-width: 768px) {\n            #block_10bf124e4128d54fa2f26442ad678453.blue {\n                padding-top: 80px;\n            }\n        }\n\n        #block_10bf124e4128d54fa2f26442ad678453.blue {\n            padding-bottom: 56px;\n        }\n\n        @media screen and (min-width: 768px) {\n            #block_10bf124e4128d54fa2f26442ad678453.blue {\n                padding-bottom: 80px;\n            }\n        }\n\n            <\/style>\n<section class=\"txt-content   blue\" id=\"block_10bf124e4128d54fa2f26442ad678453\">\n    <div class=\"txt-content--container container--large\">\n                    <div class=\"txt-content--content\">\n                <p data-start=\"303\" data-end=\"494\">Sp\u00e9cialis\u00e9s dans la <strong data-start=\"321\" data-end=\"369\">r\u00e9alisation de lignes de traitement des d\u00e9chets<\/strong>, nous \u00e9tudions, fabriquons et installons des \u00e9quipements industriels d\u00e9di\u00e9s au recyclage et \u00e0 la valorisation des mati\u00e8res.<\/p>\n<p data-start=\"496\" data-end=\"682\">Nous accompagnons les acteurs du secteur du recyclage, de l\u2019environnement et de l\u2019industrie dans la r\u00e9alisation compl\u00e8te de leurs installations, de l\u2019\u00e9tude technique au montage sur site.<\/p>\n            <\/div>\n                                    <\/div>\n<\/section>\n\n    <style>\n        #block_c219a48f3bd12e50cf9661e255575cd7 {\n            margin-top: 56px;\n        }\n\n        @media screen and (min-width: 768px) {\n            #block_c219a48f3bd12e50cf9661e255575cd7 {\n                margin-top: 80px;\n            }\n        }\n\n        #block_c219a48f3bd12e50cf9661e255575cd7 {\n            margin-bottom: 56px;\n        }\n\n        @media screen and (min-width: 768px) {\n            #block_c219a48f3bd12e50cf9661e255575cd7 {\n                margin-bottom: 96px;\n            }\n        }\n\n            <\/style>\n<section class=\"expertises-list\" id=\"block_c219a48f3bd12e50cf9661e255575cd7\">\n            <div class=\"expertises-list--title container--large\">\n            <h2>Nos produits et services<\/h2>\n        <\/div>\n                <div class=\"expertises-list--list container--large\">\n                                            <div class=\"card-expertise\">\n                                            <div class=\"card-expertise--image\">\n                            <img decoding=\"async\" src=\"https:\/\/preprod.hiolle-bedrock.weareled.fr\/app\/uploads\/sites\/4\/2025\/01\/TEAM_057-e1753176104715.jpg\" alt=\"Dessin industriel\">\n                            <span class=\"legend\"><\/span>\n                        <\/div>\n                                        <div class=\"card-expertise--content\">\n                                                    <h4>Etudes techniques <\/h4>\n                                                                                                    <p>Etude de r\u00e9alisation sur logiciels 3D <\/p>\n                                            <\/div>\n                    <!-- <a href=\"#\"><\/a> -->\n                <\/div>\n                                            <div class=\"card-expertise\">\n                                            <div class=\"card-expertise--image\">\n                            <img decoding=\"async\" src=\"https:\/\/preprod.hiolle-bedrock.weareled.fr\/app\/uploads\/sites\/4\/2026\/03\/Fabrication-convoyeur.jpeg\" alt=\"\">\n                            <span class=\"legend\"><\/span>\n                        <\/div>\n                                        <div class=\"card-expertise--content\">\n                                                    <h4>Fabrication<\/h4>\n                                                                                                    <p>Fabrication des structures m\u00e9talliques et ouvrages chaudronn\u00e9s<\/p>\n                                            <\/div>\n                    <!-- <a href=\"#\"><\/a> -->\n                <\/div>\n                                            <div class=\"card-expertise\">\n                                            <div class=\"card-expertise--image\">\n                            <img decoding=\"async\" src=\"https:\/\/preprod.hiolle-bedrock.weareled.fr\/app\/uploads\/sites\/4\/2026\/03\/Convoyeur-a-rouleaux.jpg\" alt=\"\">\n                            <span class=\"legend\"><\/span>\n                        <\/div>\n                                        <div class=\"card-expertise--content\">\n                                                    <h4>Montage et installation<\/h4>\n                                                                                                    <p>Premier montage et test en atelier avant installation et montage sur sites clients<\/p>\n                                            <\/div>\n                    <!-- <a href=\"#\"><\/a> -->\n                <\/div>\n                    <\/div>\n    <\/section>\n\n    <style>\n        #block_fcc6827c97aa3ebfa87b68b43ed50115 {\n            margin-top: 56px;\n        }\n\n        @media screen and (min-width: 768px) {\n            #block_fcc6827c97aa3ebfa87b68b43ed50115 {\n                margin-top: 80px;\n            }\n        }\n\n        #block_fcc6827c97aa3ebfa87b68b43ed50115 {\n            margin-bottom: 56px;\n        }\n\n        @media screen and (min-width: 768px) {\n            #block_fcc6827c97aa3ebfa87b68b43ed50115 {\n                margin-bottom: 96px;\n            }\n        }\n\n            <\/style>\n<section class=\"expertises-list\" id=\"block_fcc6827c97aa3ebfa87b68b43ed50115\">\n            <div class=\"expertises-list--title container--large\">\n            <h2>Quelques r\u00e9alisations<\/h2>\n        <\/div>\n                <div class=\"expertises-list--list container--large\">\n                                            <div class=\"card-expertise\">\n                                            <div class=\"card-expertise--image\">\n                            <img decoding=\"async\" src=\"https:\/\/preprod.hiolle-bedrock.weareled.fr\/app\/uploads\/sites\/4\/2025\/07\/1-scaled.jpg\" alt=\"\">\n                            <span class=\"legend\"><\/span>\n                        <\/div>\n                                        <div class=\"card-expertise--content\">\n                                                    <h4>Broyeur pour \u00e9pave automobile<\/h4>\n                                                                                                    <p>Fabrication et montage d&rsquo;un broyeur pour lignes de traitement des v\u00e9hicules hors d&rsquo;usage (VHU)<\/p>\n                                            <\/div>\n                    <!-- <a href=\"#\"><\/a> -->\n                <\/div>\n                                            <div class=\"card-expertise\">\n                                            <div class=\"card-expertise--image\">\n                            <img decoding=\"async\" src=\"https:\/\/preprod.hiolle-bedrock.weareled.fr\/app\/uploads\/sites\/4\/2025\/07\/1669275389893.jpg\" alt=\"\">\n                            <span class=\"legend\"><\/span>\n                        <\/div>\n                                        <div class=\"card-expertise--content\">\n                                                    <h4>Convoyeur \u00e0 \u00e9cailles<\/h4>\n                                                                                                    <p>Remplacement de convoyeur d&rsquo;alimentation broyeur (convoyeur \u00e0 \u00e9cailles, charpente de supportage, tobogan, passerelle de maintenance et coursives).<\/p>\n                                            <\/div>\n                    <!-- <a href=\"#\"><\/a> -->\n                <\/div>\n                                            <div class=\"card-expertise\">\n                                            <div class=\"card-expertise--image\">\n                            <img decoding=\"async\" src=\"https:\/\/preprod.hiolle-bedrock.weareled.fr\/app\/uploads\/sites\/4\/2025\/02\/1673621184641.jpg\" alt=\"\">\n                            <span class=\"legend\"><\/span>\n                        <\/div>\n                                        <div class=\"card-expertise--content\">\n                                                    <h4>Trommel<\/h4>\n                                                                                                    <p>Trommel \u00d82m longueur 6,1m en maille 12mm pour des lignes de traitement de d\u00e9chets<\/p>\n                                            <\/div>\n                    <!-- <a href=\"#\"><\/a> -->\n                <\/div>\n                    <\/div>\n    <\/section>\n\n    <style>\n        #block_2304a6ecaa23fafef06c4e5f4b04546d {\n            margin-top: 56px;\n        }\n\n        @media screen and (min-width: 768px) {\n            #block_2304a6ecaa23fafef06c4e5f4b04546d {\n                margin-top: 96px;\n            }\n        }\n\n        #block_2304a6ecaa23fafef06c4e5f4b04546d {\n            margin-bottom: 56px;\n        }\n\n        @media screen and (min-width: 768px) {\n            #block_2304a6ecaa23fafef06c4e5f4b04546d {\n                margin-bottom: 96px;\n            }\n        }\n\n            <\/style>\n    <section class=\"slider-actualites glue nav-medium \" id=\"block_2304a6ecaa23fafef06c4e5f4b04546d\">\n                <div class=\"slider-actualites--container\">\n            <div class=\"slider-actualites--header container--large\">\n                                    <div class=\"slider-actualites--title\">\n                        <p class=\"uptitle\">Nos actualit\u00e9s<\/p>\n<h2>D\u00e9couvrez toutes <span style=\"color: #009cde\">nos derni\u00e8res r\u00e9alisations\u00a0<\/span><\/h2>\n                    <\/div>\n                                                    <a href=\"https:\/\/preprod.hiolle-bedrock.weareled.fr\/team-hiolle\/nos-actualites\/\" class=\"link dark icon arrow-right\">Voir toutes les actualit\u00e9s<\/a>\n                            <\/div>\n            <div class=\"slider-actualites--slider container--large owl-carousel\">\n                                                        <div class=\"card-actuality\">\n                        <a href=\"https:\/\/preprod.hiolle-bedrock.weareled.fr\/team-hiolle\/demontage-dun-pont-roulant-bipoutre-de-10t-une-operation-securisee-et-maitrisee\/\" class=\"card-actuality--link\"><\/a>\n                        <div class=\"card-actuality--image\">\n                                                            <img decoding=\"async\" src=\"https:\/\/preprod.hiolle-bedrock.weareled.fr\/app\/uploads\/sites\/4\/2026\/03\/Demontage_palan_central.jpg\" alt=\"\">\n                                                                                        <div class=\"card-actuality--categories\">\n                                                                            <span class=\"category\">R\u00e9alisations<\/span>\n                                                                    <\/div>\n                                                    <\/div>\n                        <div class=\"card-actuality--content\">\n                            <div class=\"card-actuality--title\">\n                                                                                                                    <span class=\"tag\">TEAM<\/span>\n                                                                                                    <h5>D\u00e9montage d\u2019un pont roulant bipoutre de 10T<\/h5>\n                            <\/div>\n                                                        <div class=\"card-actuality--footer\">\n                                <span class=\"date\">16 mars 2026<\/span>\n                                <span class=\"arrow-btn light-green\"><span><\/span><\/span>\n                            <\/div>\n                        <\/div>\n                    <\/div>\n                                                        <div class=\"card-actuality\">\n                        <a href=\"https:\/\/preprod.hiolle-bedrock.weareled.fr\/team-hiolle\/une-collaboration-inter-filiales-reussie\/\" class=\"card-actuality--link\"><\/a>\n                        <div class=\"card-actuality--image\">\n                                                            <img decoding=\"async\" src=\"https:\/\/preprod.hiolle-bedrock.weareled.fr\/app\/uploads\/sites\/4\/2025\/09\/HIOLLE_PROUVY_090-min-2.jpg\" alt=\"\">\n                                                                                        <div class=\"card-actuality--categories\">\n                                                                            <span class=\"category\">R\u00e9alisations<\/span>\n                                                                    <\/div>\n                                                    <\/div>\n                        <div class=\"card-actuality--content\">\n                            <div class=\"card-actuality--title\">\n                                                                                                                                                                                                    <span class=\"tag\">TEAM<\/span>\n                                                                                                    <h5>Une collaboration inter-filiales r\u00e9ussie !<\/h5>\n                            <\/div>\n                                                        <div class=\"card-actuality--footer\">\n                                <span class=\"date\">18 septembre 2025<\/span>\n                                <span class=\"arrow-btn light-green\"><span><\/span><\/span>\n                            <\/div>\n                        <\/div>\n                    <\/div>\n                                                        <div class=\"card-actuality\">\n                        <a href=\"https:\/\/preprod.hiolle-bedrock.weareled.fr\/team-hiolle\/supervision-dune-installation-a-taiwan\/\" class=\"card-actuality--link\"><\/a>\n                        <div class=\"card-actuality--image\">\n                                                            <img decoding=\"async\" src=\"https:\/\/preprod.hiolle-bedrock.weareled.fr\/app\/uploads\/sites\/4\/2025\/10\/55016769-1ed5-48a7-babb-7cdad900326e.jpg\" alt=\"\">\n                                                                                        <div class=\"card-actuality--categories\">\n                                                                            <span class=\"category\">R\u00e9alisations<\/span>\n                                                                    <\/div>\n                                                    <\/div>\n                        <div class=\"card-actuality--content\">\n                            <div class=\"card-actuality--title\">\n                                                                                                                    <span class=\"tag\">TEAM<\/span>\n                                                                                                    <h5>Supervision d&rsquo;une installation \u00e0 Ta\u00efwan<\/h5>\n                            <\/div>\n                                                        <div class=\"card-actuality--footer\">\n                                <span class=\"date\">15 mai 2025<\/span>\n                                <span class=\"arrow-btn light-green\"><span><\/span><\/span>\n                            <\/div>\n                        <\/div>\n                    <\/div>\n                                                        <div class=\"card-actuality\">\n                        <a href=\"https:\/\/preprod.hiolle-bedrock.weareled.fr\/team-hiolle\/un-projet-de-chaudronnerie-sur-mesure\/\" class=\"card-actuality--link\"><\/a>\n                        <div class=\"card-actuality--image\">\n                                                            <img decoding=\"async\" src=\"https:\/\/preprod.hiolle-bedrock.weareled.fr\/app\/uploads\/sites\/4\/2025\/08\/1743074852728-1-e1756222684163.jpeg\" alt=\"\">\n                                                                                        <div class=\"card-actuality--categories\">\n                                                                            <span class=\"category\">R\u00e9alisations<\/span>\n                                                                    <\/div>\n                                                    <\/div>\n                        <div class=\"card-actuality--content\">\n                            <div class=\"card-actuality--title\">\n                                                                                                                                                            <span class=\"tag\">TEAM<\/span>\n                                                                                                    <h5>Un projet de chaudronnerie sur-mesure !<\/h5>\n                            <\/div>\n                                                        <div class=\"card-actuality--footer\">\n                                <span class=\"date\">26 avril 2025<\/span>\n                                <span class=\"arrow-btn light-green\"><span><\/span><\/span>\n                            <\/div>\n                        <\/div>\n                    <\/div>\n                            <\/div>\n            <div class=\"slider-actualites--navigation owl-nav container--large\">\n                <span class=\"indicator\"><\/span>\n                <div class=\"slider-actualites--dots owl-dots\"><\/div>\n            <\/div>\n        <\/div>\n    <\/section>\n\n\n    <style>\n        #block_6e8b8a1c13bbd0339433515f8e80321a {\n            margin-top: 56px;\n        }\n\n        @media screen and (min-width: 768px) {\n            #block_6e8b8a1c13bbd0339433515f8e80321a {\n                margin-top: 96px;\n            }\n        }\n\n        #block_6e8b8a1c13bbd0339433515f8e80321a {\n            margin-bottom: 56px;\n        }\n\n        @media screen and (min-width: 768px) {\n            #block_6e8b8a1c13bbd0339433515f8e80321a {\n                margin-bottom: 96px;\n            }\n        }\n\n            <\/style>\n<section class=\"redirection-double \" id=\"block_6e8b8a1c13bbd0339433515f8e80321a\">\n        <div class=\"redirection-double--container container--large\">\n                    <div class=\"background\">\n                                                    <h3>Vous souhaitez prendre contact avec nous ?<\/h3>\n<p>Une question ? Une demande particuli\u00e8re ? Un projet ? Contactez-nous d\u00e8s aujourd\u2019hui, nous nous ferons un plaisir de vous r\u00e9pondre dans les plus brefs d\u00e9lais.<\/p>\n                                                    <a href=\"https:\/\/preprod.hiolle-bedrock.weareled.fr\/team-hiolle\/contactez-nous\/\" target=\"\" class=\"btn secondary icon arrow-right\">Nous contacter<span><\/span><\/a>\n                            <\/div>\n                            <div class=\"light\">\n                                    <h3>D\u00e9couvrez nos autres solutions !<\/h3>\n<p>Nos \u00e9quipes sont \u00e9galement sp\u00e9cialis\u00e9es dans le transfert d&rsquo;outils de production, la fabrication d&rsquo;ouvrages chaudronn\u00e9s et la maintenance industrielle.<\/p>\n                                                    <a href=\"https:\/\/preprod.hiolle-bedrock.weareled.fr\/team-hiolle\/solutions-realisations\/\" target=\"\" class=\"btn icon arrow-right\">Voir nos solutions<span><\/span><\/a>\n                            <\/div>\n            <\/div>\n<\/section>","protected":false},"excerpt":{"rendered":"<p>Etudes, fabrication et montage de lignes pour le traitement des d\u00e9chets en fin de vie et m\u00e9taux<\/p>\n","protected":false},"author":1,"featured_media":537,"parent":37,"menu_order":2,"comment_status":"closed","ping_status":"closed","template":"","meta":{"_acf_changed":false,"_seopress_robots_primary_cat":"","_seopress_titles_title":"","_seopress_titles_desc":"","_seopress_robots_index":"","footnotes":""},"class_list":["post-520","page","type-page","status-publish","has-post-thumbnail","hentry"],"acf":[],"lang":"fr","translations":{"fr":520},"pll_sync_post":[],"_links":{"self":[{"href":"https:\/\/preprod.hiolle-bedrock.weareled.fr\/team-hiolle\/wp-json\/wp\/v2\/pages\/520","targetHints":{"allow":["GET"]}}],"collection":[{"href":"https:\/\/preprod.hiolle-bedrock.weareled.fr\/team-hiolle\/wp-json\/wp\/v2\/pages"}],"about":[{"href":"https:\/\/preprod.hiolle-bedrock.weareled.fr\/team-hiolle\/wp-json\/wp\/v2\/types\/page"}],"author":[{"embeddable":true,"href":"https:\/\/preprod.hiolle-bedrock.weareled.fr\/team-hiolle\/wp-json\/wp\/v2\/users\/1"}],"replies":[{"embeddable":true,"href":"https:\/\/preprod.hiolle-bedrock.weareled.fr\/team-hiolle\/wp-json\/wp\/v2\/comments?post=520"}],"version-history":[{"count":30,"href":"https:\/\/preprod.hiolle-bedrock.weareled.fr\/team-hiolle\/wp-json\/wp\/v2\/pages\/520\/revisions"}],"predecessor-version":[{"id":1114,"href":"https:\/\/preprod.hiolle-bedrock.weareled.fr\/team-hiolle\/wp-json\/wp\/v2\/pages\/520\/revisions\/1114"}],"up":[{"embeddable":true,"href":"https:\/\/preprod.hiolle-bedrock.weareled.fr\/team-hiolle\/wp-json\/wp\/v2\/pages\/37"}],"wp:featuredmedia":[{"embeddable":true,"href":"https:\/\/preprod.hiolle-bedrock.weareled.fr\/team-hiolle\/wp-json\/wp\/v2\/media\/537"}],"wp:attachment":[{"href":"https:\/\/preprod.hiolle-bedrock.weareled.fr\/team-hiolle\/wp-json\/wp\/v2\/media?parent=520"}],"curies":[{"name":"wp","href":"https:\/\/api.w.org\/{rel}","templated":true}]}}